 List the prime factors of j(-2).
3, 11, 349
Let l(c) = -3*c - 17. Let f be l(-8). Suppose 1422 = -f*i + 4089. What are the prime factors of i?
3, 127
Let f = -3132 + 3144. Let v = -525 + 302. List the prime factors of f/(-78) - v/13.
17
Let a(i) = 2*i**2 + 103*i - 26. Let d be a(-52). Let u = d - -784. List the prime factors of u.
2, 3, 5
Suppose 0 = 2*g - 2*y - 0 - 6, -4*y = 5*g + 12. Suppose 20*f - 16*f - 3968 = g. What are the prime factors of f?
2, 31
Suppose -4*h = -3*u - 2*h + 15, 5*u = 5*h + 30. Suppose u*s + 34 = 52. List the prime factors of 1/(4/s*1/54).
3
Let i(g) = 11*g**2 + 73*g + 3682. What are the prime factors of i(-43)?
2, 53, 197
Let m(s) = 109*s - 62. List the prime factors of m(42).
2, 1129
Let s(a) be the second derivative of -a**3/6 - 3*a**2/2 - 4*a - 3. What are the prime factors of s(-12)?
3
Let p = -23500 - -37008. List the prime factors of p.
2, 11, 307
Let w = 83 + -79. Suppose w*i - 2351 = -267. List the prime factors of i.
521
What are the prime factors of (-3595 + 0)*(1 - (32 - 27))?
2, 5, 719
List the prime factors of 448/280*3265*1.
2, 653
Let w(z) = -7*z + 28. Let j be w(-6). Let h = 119 - j. List the prime factors of h.
7
Suppose 0 = -2*b + 34 + 24. Suppose -5*x - 4*d - b = -537, 4*x - 5*d - 390 = 0. Let o = x + 22. What are the prime factors of o?
2, 61
Suppose 5*v + 19*l = 16*l + 83933, -2*v = -5*l - 33536. List the prime factors of v.
13, 1291
Let o(f) = -14*f**3 - 12*f**2 - 36. Let m be o(-9). Suppose m = 15*t + 933. List the prime factors of t.
19, 29
Let g be (-3)/(4 - 1) + 4. Let r(q) = 2*q**2 - 3*q + 18. Let u(x) = -4*x**2 + 6*x - 37. Let l(p) = g*u(p) + 7*r(p). What are the prime factors of l(6)?
3, 23
Let l(n) be the third derivative of -11*n**4/4 + 7*n**3/3 + 16*n**2. Let a be l(-6). Let d = a - 190. What are the prime factors of d?
2, 5, 11
Suppose z - 8 = -4*m + 44, 4*z - 76 = -5*m. Suppose m*f + 10836 = 33*f. List the prime factors of f.
2, 3, 43
Let c(a) = 3*a**2 - 8*a - 13. Let i be c(-11). Suppose -4137 = -3*u - i. List the prime factors of u.
3, 137
Let c(n) = 2*n**3 - 27*n**2 - 63*n - 167. List the prime factors of c(20).
7, 11
Suppose 0 = -6*m + 7*m - 110. Let f = 111 - m. What are the prime factors of f/(-4)*5*(-218 - -18)?
2, 5
Let j = 5940 + -6145. Let z = 661 - 289. Let s = z + j. What are the prime factors of s?
167
Suppose 3*r - 3 = -4*w + w, 2*w = 3*r + 22. Suppose 3*z - w*y - 4142 = 0, -8*y + 9*y = z - 1378. What are the prime factors of z?
2, 3, 229
Suppose 2*i = -2*d - 34352, 5*d - 17164 = i - 0*d. Let c be (-10)/45 - 1/9*i. List the prime factors of c/20 + 18/30.
2, 3
Let a(j) = 6*j**2 + 258*j - 61. List the prime factors of a(-57).
29, 163
Let h(c) = -6*c - 37. Let k be h(-9). Let s = 87 + k. List the prime factors of s.
2, 13
Let k be (0*(-1)/4)/1. Let q be -3 + 12 + k - (-7 - -5). Let l = q - -75. List the prime factors of l.
2, 43
Let w(m) be the second derivative of 449*m**4/6 + 6*m**3 - 37*m**2/2 - 215*m. What are the prime factors of w(1)?
3, 13, 23
Let v = 9922 + 5559. What are the prime factors of v?
113, 137
Suppose 2*t = 5*o + 152, -3*t = 4*o + o + 172. Let y be (-10)/(-3)*(-144)/o. What are the prime factors of 45/(-12)*(-100)/y?
5
Let r(s) be the third derivative of s**6/120 - s**5/6 + 2*s**3 + 12*s**2. Let y be r(10). What are the prime factors of (184/y)/((-5)/(-15))?
2, 23
Suppose a = -0*a - 418. Let s = 4089 - 4340. Let u = s - a. What are the prime factors of u?
167
Let n(h) = -h - 4. Let v = -68 + 64. Let j be n(v). Let z(d) = d**2 + 2*d + 105. What are the prime factors of z(j)?
3, 5, 7
Let d(x) = 312*x - 3. Let y be d(4). Let h be 11/(22/(-4)) - (1 + 9). What are the prime factors of y/12 - (-9)/h?
103
List the prime factors of ((-3)/12 - 49763255/(-2124)) + 4/18.
7, 3347
Suppose -3*n + 13023 = -5*g, -5*n + g + 19214 = -2513. List the prime factors of n.
2, 41, 53
Let g be (-1 - 1)*(-3)/(6/496). Suppose -g = -v + 56. Suppose -5*w = -w - v. List the prime factors of w.
2, 3, 23
Let l(g) = 2407*g**2 + 6*g - 2. Let i be l(-1). Let w = i + -1484. What are the prime factors of w?
3, 5, 61
Let c(i) = -874*i + 368. List the prime factors of c(-5).
2, 23, 103
Suppose -x + 20 = 4*x + b, -3*b = 3*x. Suppose x*t - 1560 = 5*g, -133 = 5*t + 4*g - 1675. List the prime factors of t.
2, 5, 31
Let h(l) = l**3 - 40*l**2 - 24*l + 28. What are the prime factors of h(42)?
2, 7, 13
Let b be (-1 - (2 + -5) - 162)*-2. Suppose -11*s + 7*s + b = 0. Let a = s + -53. List the prime factors of a.
3
Suppose 0 = 32*c - 11*c + 147. Let y(q) = 10*q**2 - 12*q - 1. List the prime factors of y(c).
3, 191
Suppose 12373 = -5*d - q + 47500, 4*d + 2*q = 28104. List the prime factors of d.
5, 281
Suppose -4*y + 5*g = -58929, -5*g - 109587 = -5*y - 35937. List the prime factors of y.
3, 7, 701
Let l = -9464 + 13701. What are the prime factors of l?
19, 223
List the prime factors of (7009 - (-2 + 6))/(14/42).
3, 5, 467
Let t = 234 - 232. Suppose t*p = -6, 4*u + 2*p - 215 = 67. List the prime factors of u.
2, 3
Suppose -3*m + 3563 + 507 = 5*i, -2*i - m + 1627 = 0. What are the prime factors of i?
811
Let i be (308/10 + 4)/((-2)/(-10)). Let c = -107 + i. Let p = 190 - c. List the prime factors of p.
3, 41
Let z = 18541 + -11251. List the prime factors of z.
2, 3, 5
Let y(a) be the first derivative of 150*a**3 + 8*a**2 + 15*a + 75. List the prime factors of y(-1).
449
Let t be 16/4*(-3 + -15). Let f = -61 - t. Suppose -f*k - 25 = -300. List the prime factors of k.
5
Let l be ((-15)/10)/(6/(-8)) - -1256. Let u(m) = -20*m - 1253 + l + 119*m. List the prime factors of u(1).
2, 13
Let h = 22269 + -2858. List the prime factors of h.
7, 47, 59
Suppose 12*n = -0*n - 1668. Let i = 409 + n. List the prime factors of i.
2, 3, 5
Suppose 4*c - 3*a = 32123, -62*c + 61*c + 3*a + 8042 = 0. List the prime factors of c.
23, 349
Let q = 40490 - 22922. What are the prime factors of q?
2, 3, 61
Let q(d) = -14*d**3 - 2*d**2 + d + 2. Let c be q(2). Let f = -33 - c. What are the prime factors of -4*(-1 + 0) + f?
3, 29
Suppose 215*u + 371*u = 135*u + 11099561. List the prime factors of u.
24611
Let r(f) be the second derivative of 5/6*f**3 + 0 + 1/20*f**5 + 5/2*f**2 + 19*f + 3/4*f**4. List the prime factors of r(-5).
2, 5
What are the prime factors of (-54)/(-45) + (-2162133)/(-135)?
3, 19, 281
Let d be (110/(-605))/(1/(-11)). What are the prime factors of (110/(-33))/(d - (-463)/(-231))?
2, 5, 7, 11
Suppose 0 = 5*a + 4*u - 1266, 2*a + 2*u - 565 = -57. Suppose 2*l + a - 736 = 0. What are the prime factors of l?
3
Let i = -640 - -2067. Let a = 2044 - i. What are the prime factors of a?
617
Let d(t) = t**3 + 5*t**2 + 2*t + 11. Let h be d(-4). Let b(j) = 38*j - 108. List the prime factors of b(h).
2, 307
Let y(p) = 11*p - 105. Let c be y(10). Suppose -j - 88 = b - 443, -3*j = c*b - 1061. List the prime factors of j.
3, 7, 17
Let n = -642 - -661. Suppose 0 = 10*k - n*k + 1008. List the prime factors of k.
2, 7
Let j(c) = 4*c**3 - 11*c**2 + 19*c + 14. Let t = 107 - 101. List the prime factors of j(t).
2, 149
Let s(d) = -d - 1. Let j be s(-3). Suppose -w - 3*a = 2*w - 636, -5*a - 410 = -j*w. Let l = -94 + w. List the prime factors of l.
2, 29
Let o(b) = 3*b + 52. Let c be o(-19). What are the prime factors of (3 + c)*(8 - 54)?
2, 23
Let k(h) = 208*h**2 - 58*h + 285. List the prime factors of k(7).
3, 373
Suppose 364 = 5*m + q - 832, 958 = 4*m + 2*q. Suppose -12*n + 6157 = -m. List the prime factors of n.
13, 41
Let v(b) = b**3 - 5*b**2 - 5*b - 4. Let y be v(6). Suppose y*c + 3*t = -t + 2448, 0 = -3*c + 3*t + 3627. List the prime factors of c.
2, 607
Suppose -s + 2*k + 258 = 0, -s + 770 = 2*s - 5*k. Suppose -2*v + 3467 = 3773. Let j = s + v. List the prime factors of j.
97
Let q(x) = -8*x + 99. Let u be q(12). Suppose -4*k + 5516 = 7*j - u*j, 0 = -5*j - 4*k + 6899. What are the prime factors of j?
3, 461
Let t be (-3 - (3 - 55))/((-4)/8). Suppose -2*k = 3*u + 1, u + 2*k - 3 = 2. What are the prime factors of t/(-35) + u/(-15)?
3
Let m be -4 + 2 - (-6 + 0). Suppose 448 = g + q - 6*q, m*g = 3*q + 1707. List the prime factors of g.
3, 47
Let y be 12 + 2 + -5 + -6 + 145. What are the prime factors of (0 - 6) + y/(-8)*-42?
3, 257
Suppose 0 = 4*n + 56 + 64. Let f be (-2)/(16/n) - 6/8. Suppose -f*q - b = -119 - 112, -15 = 5*b. List the